 = -r + 81. Let m = 256 - r. Calculate the remainder when m is divided by 31.
30
Let q = -29 + 48. Suppose x = 4*c + 32, 5*x - 8*x + 3*c = -132. Calculate the remainder when x is divided by q.
10
Suppose 0 = -8*o + 38*o - 16170. What is the remainder when o is divided by 18?
17
Suppose 0 = 2*m - u - 20, -5*m + 4*m - 3*u + 10 = 0. Let s = 25 - m. Suppose -2*a + 3*j = -50, a - s = -3*j + 19. What is the remainder when 55 is divided by a?
27
Let p(g) = -g - 5. Let f be p(-6). Suppose 3 - f = -4*z + s, 4*z - 2 = -s. Suppose z*h + 92 = 2*h. What is the remainder when h is divided by 16?
14
Let c = 3 - 1. Suppose -3*t - 5*j - 2 = -17, 6 = c*j. Suppose t = 18*o - 15*o - 66. What is the remainder when o is divided by 12?
10
Suppose -3*x + 328 = 2*x + y, 198 = 3*x + y. Suppose z - 90 = 4*z. Let p = z + 52. What is the remainder when x is divided by p?
21
Let p(b) = -b + 5. Let f = 116 + -119. What is the remainder when 39 is divided by p(f)?
7
Suppose -6*v + 4*v + 122 = 0. What is the remainder when v is divided by 21?
19
Let h = -12 + 14. Suppose -h*u = -6*u + 152. Let c = -23 + u. What is the remainder when c is divided by 6?
3
Let z = -26 - -13. Suppose m - 88 = -3*l, -l + 6*l - 165 = 2*m. Let i = l - z. What is the remainder when i is divided by 15?
14
Let z = -130 - -185. Calculate the remainder when 186 is divided by z.
21
Let i = -7290 + 7295. Let v = 5 - 2. Suppose 4*r - 4*u = 24, -4*u - v = -11. Calculate the remainder when r is divided by i.
3
Let g(n) = 2*n**2 + 4*n - 5. Let t be g(-4). Suppose 4*u + 2*l - 58 = 0, -t = -u - 4*l + 7*l. Let x = u + 5. Calculate the remainder when x is divided by 7.
5
Suppose -w + 785 = 4*g, -4*g = g + 3*w - 990. What is the remainder when g is divided by 11?
8
Let d(u) = u - 6. Let b be d(7). Let i be (-6 + b)*12/(-4). Let p = -6 + i. What is the remainder when 35 is divided by p?
8
Suppose -6 = 3*j + 3. Let f(m) = -2*m + 16. What is the remainder when 41 is divided by f(j)?
19
Suppose -287*m + 286*m + 240 = 0. Calculate the remainder when m is divided by 27.
24
Let c = 24 - -7. Let u = c + 7. Calculate the remainder when u is divided by 10.
8
Let r be -1 + 2 - 1/(-1). Let o(u) = 5*u - 6. What is the remainder when 29 is divided by o(r)?
1
Calculate the remainder when 100*(1/9 - (-400)/450) is divided by 13.
9
Suppose 3*y = -t + 6*y + 12, 2*y + 13 = -t. Let v(m) = -2*m**3 - 3*m**2 + m - 1. What is the remainder when 181 is divided by v(t)?
20
Suppose 25 = -4*v - m + 83, 3*v + m = 44. Suppose v*p = 12*p + 24. What is the remainder when 70 is divided by p?
10
Let f(s) = 2*s**2 - 11*s + 8. Let x = 4 - 12. Let b(g) = -g**2 + 4*g - 3. Let c(j) = x*b(j) - 3*f(j). Calculate the remainder when 22 is divided by c(-2).
4
Let v(m) = -13*m**2 - 2*m + 2. Let i be v(1). Let f = -12 - i. Calculate the remainder when 5 is divided by f.
0
Suppose 4*i - 5*f = 282, 2*i + 2*f - 90 - 60 = 0. What is the remainder when 149 is divided by i?
3
Let i(f) = f**3 - 4*f**2 + 2*f + 8. Let k(d) = d**2 + 9*d + 18. Let l be k(-7). What is the remainder when i(l) is divided by 4?
0
Suppose 3*j + 5*v - 492 = 3*v, -4*v = -j + 164. What is the remainder when j is divided by 29?
19
Let d(k) = 2*k - 11. Let r be d(8). Let n(v) = v**2 - 1. What is the remainder when 70 is divided by n(r)?
22
Let n(z) = z**3 - 2*z**2 - 3*z + 1. Let c be n(2). Let l = c + 17. What is the remainder when 35 is divided by l?
11
Let z(y) = 4*y**2 - y + 6*y**2 - 2*y + 7. Calculate the remainder when 122 is divided by z(2).
40
Let j(o) = o**2 - 31*o - 90. Calculate the remainder when j(36) is divided by 48.
42
Let x be -349*2*2/(-4). Suppose x = 4*i - 43. What is the remainder when i is divided by 26?
20
Let i(n) = -2*n**3 + 2*n**2 + 6*n - 2. Let c be i(-3). Calculate the remainder when (-3 + c/3)/(6/18) is divided by 16.
11
Let p = 5 + 120. Calculate the remainder when 345 is divided by p.
95
Suppose -2*p - 96 = -6*p. Calculate the remainder when (-1346)/(-30) - (-6)/45 is divided by p.
21
Calculate the remainder when 68 is divided by (-1 + 34/6)*150/20.
33
Suppose -41 = -5*c + 5*k + 249, c - 5*k - 50 = 0. What is the remainder when 235 is divided by c?
55
Let r(a) = -24*a - 15 + 4 + 7*a - 10. What is the remainder when r(-10) is divided by 38?
35
Let c(m) = 16*m**3 - 3*m**2 - 5*m**3 + 2*m - 14*m**3 - 2. Let a = 1 + 15. What is the remainder when c(-3) is divided by a?
14
Let h(g) = g**3 - 7*g**2 + g + 4. Suppose 7 = 2*m - 7. Suppose -3*t + 120 = 3*u, -5*u - 4*t + 34 + 169 = 0. Calculate the remainder when u is divided by h(m).
10
Let b(q) = 771*q**2 + 21*q + 26. Let o = 7 + 4. Let x(s) = 154*s**2 + 4*s + 5. Let j(a) = o*x(a) - 2*b(a). What is the remainder when j(-1) is divided by 39?
36
Suppose 0*b - 4*b = -4. Suppose -5*f + 7 + 3 = -5*v, 2*f - 5*v = b. Suppose 8 = 2*l, f*z - 3 = 4*z - 4*l. What is the remainder when z is divided by 8?
5
Let f(y) = 17*y**2 + 21*y - 8. Let t be 13 - 4/(3 - 1). Suppose -3*o + 18 = k, -4*k - 3*o = -t - 70. What is the remainder when f(-3) is divided by k?
19
Let d = -14 + 29. Calculate the remainder when d is divided by (-2070)/(-315) + (-4)/7.
3
Let h(a) = 5*a - 3*a + 2*a + a. Suppose 11*o + 78 = 14*o. Calculate the remainder when o is divided by h(2).
6
Suppose 2*s = 3*s - 2, 46 = -5*b - 2*s. Let n = b - -6. What is the remainder when -6*14*n/24 is divided by 5?
4
Let m = 11 - -8. Suppose 3*d = u - 0*u + 152, -2*u = 10. What is the remainder when d is divided by m?
11
Suppose -391 = 13*r - 6839. Calculate the remainder when r is divided by 28.
20
Let o(c) = -c + 12. Suppose 5*k - 5*h = 55, -2*h = -k - 6*h - 4. Let n be o(k). Suppose m = -n*m + 35. Calculate the remainder when 26 is divided by m.
5
Suppose -2973 = -21*k + 2088. What is the remainder when k is divided by 27?
25
Suppose -4*m - 3*k = -23 - 87, 79 = 3*m + 4*k. Let n(t) = -164*t**3 - 2*t + 1. Let y be n(1). Let d = y - -278. What is the remainder when d is divided by m?
26
Let n(o) = 6*o**2 - 8 - 3*o**2 - 62*o + 1 - 15. Let l(u) = -u**2 + 21*u + 7. Let h(i) = -17*l(i) - 6*n(i). What is the remainder when 25 is divided by h(15)?
12
What is the remainder when (-4 - (-230)/4) + (-2)/4 is divided by 18?
17
Let o(f) = -6 + 7 + 3 - 22*f. Calculate the remainder when o(-3) is divided by 25.
20
Suppose 86 = r - 0*b - 2*b, 2*r + 2*b = 196. Calculate the remainder when r is divided by 21.
10
Suppose 174 + 42 = 9*r. Calculate the remainder when (1 + -40)/((-4)/12) is divided by r.
21
Suppose 4*k - 44 = 4*r, 0*r + 5 = r + 3*k. Let q = r + 16. Calculate the remainder when (0 - 21)*(-2)/1 is divided by q.
6
Suppose -4*g + 149 = -0*g + i, 4*g + 5*i = 153. Let q = 25 + -15. Calculate the remainder when g is divided by q.
7
Calculate the remainder when 464/28 + 24/56 is divided by 6/3 - (-8 + 0).
7
Let m be 6/(-36) - 143/6. Let t be ((-27)/(-6))/((-4)/m). Suppose 142 - t = 5*k. Calculate the remainder when 66 is divided by k.
20
Suppose 100*h = 104*h - 512. What is the remainder when h is divided by 34?
26
What is the remainder when (-400)/(-30) - (1 - (-4)/12) is divided by 3?
0
Suppose 2*q + 32 = -38. What is the remainder when (-56 + 2)/(4/(-6)) is divided by (-453)/(-21) - (-20)/q?
18
Suppose -5*n - 5*j + 120 = 0, 2 = n + 3*j - 20. What is the remainder when (148/5)/(122/305) is divided by n?
24
Let r = -137 - -155. Suppose -r*y + 11 = -7*y. Calculate the remainder when 7 is divided by y.
0
Let w = 1007 - 1006. What is the remainder when 16 is divided by w?
0
Suppose 4*y = -4, -5 = 2*f + y - 40. Calculate the remainder when 80 is divided by f.
8
Let o be (1767/(-124))/(1/4). Let h = -18 - o. What is the remainder when 152 is divided by h?
35
Let b = 266 - 240. Calculate the remainder when -8*(-57)/6 + 1 is divided by b.
25
Let g = 7 + -4. Calculate the remainder when g - (-9 + -14 - (-2)/(-2)) is divided by 8.
3
Let w = -983 + 1402. What is the remainder when w is divided by 71?
64
Suppose 3*l - x - 61 = 0, -5*l + 223*x + 97 = 219*x. Calculate the remainder when 965 is divided by l.
20
Suppose -3*h + 0*r = 2*r - 2, -5*h = 4*r - 2. Suppose 6*x + h*n = x + 384, x + 2*n - 80 = 0. What is the remainder when x is divided by 6?
4
Let m = 33 + 49. Calculate the remainder when m is divided by 14.
12
Let u be 1 + 0*-2*(-1)/(-8). Let q(x) = 37*x**3 + 2*x - 1. Calculate the remainder when q(1) is